s 10221010 (base 3) in base 7?
11232
-286 (base 14) to base 15
-240
What is -18724 (base 11) in base 14?
-976a
Convert -1020122 (base 3) to base 5.
-12113
46024 (base 8) to base 10
19476
What is 7c88 (base 16) in base 12?
16548
What is 111001111101 (base 2) in base 15?
1174
Convert 110221021 (base 3) to base 12.
555a
What is -11110100011110 (base 2) in base 5?
-1000041
-21021 (base 3) to base 7
-400
What is 3532 (base 10) in base 12?
2064
What is -101010010 (base 2) in base 6?
-1322
What is 2c1 (base 15) in base 2?
1001110111
Convert -12172 (base 8) to base 10.
-5242
What is 89b (base 13) in base 14?
77a
Convert -1028 (base 12) to base 5.
-24020
What is -53326 (base 8) in base 14?
-815c
Convert -52005 (base 6) to base 3.
-100111012
Convert -35413 (base 6) to base 5.
-130441
Convert -1335 (base 12) to base 2.
-100010011001
-1133 (base 11) to base 10
-1488
What is 3620 (base 7) in base 11?
1006
What is -5ab (base 14) in base 12?
-7a3
Convert 1022200010 (base 3) to base 4.
12112110
Convert 205144 (base 7) to base 8.
105122
What is -220010 (base 5) in base 16?
-1d51
-385 (base 9) to base 2
-101000000
What is 56443 (base 7) in base 12?
832a
10778 (base 13) to base 9
44838
Convert 6b5 (base 16) to base 12.
bb1
-314422 (base 5) to base 14
-3c20
Convert 1401 (base 6) to base 15.
191
-3132000 (base 4) to base 6
-145440
Convert 4b (base 16) to base 5.
300
-421 (base 5) to base 9
-133
Convert 4530 (base 6) to base 5.
13222
What is 702 (base 15) in base 16?
629
What is 3322 (base 7) in base 6?
5304
What is 10100100110 (base 2) in base 13?
7a5
Convert 11010011110010 (base 2) to base 8.
32362
333 (base 8) to base 13
13b
-201121211 (base 3) to base 5
-424210
Convert -15029 (base 10) to base 14.
-5697
What is -70 (base 11) in base 4?
-1031
Convert -1442 (base 7) to base 13.
-34a
Convert -211001 (base 3) to base 8.
-1123
cd1 (base 16) to base 11
2513
1111111100010111 (base 2) to base 10
65303
-2116 (base 7) to base 11
-620
-771 (base 8) to base 4
-13321
Convert 22331110 (base 4) to base 15.
d474
What is -a452 (base 14) in base 4?
-12322020
Convert 21ad (base 14) to base 15.
1ae2
6462 (base 11) to base 3
102201020
Convert -5510 (base 7) to base 12.
-117b
10020 (base 4) to base 16
108
-21121 (base 3) to base 15
-da
What is -43b (base 16) in base 4?
-100323
Convert -160b3 (base 13) to base 14.
-113a1
What is 1101111001000001 (base 2) in base 13?
1cb89
What is -2612 (base 8) in base 16?
-58a
What is -26315 (base 9) in base 11?
-1237a
Convert 1001110001000110 (base 2) to base 6.
505114
-52 (base 15) to base 16
-4d
-2c1 (base 15) to base 10
-631
-111111101000 (base 2) to base 6
-30504
-1051 (base 16) to base 15
-1387
Convert 110340 (base 5) to base 2.
111100000101
398b (base 13) to base 9
12251
What is 22354 (base 6) in base 4?
301132
-11011110001011 (base 2) to base 10
-14219
14441 (base 5) to base 15
581
-86 (base 10) to base 6
-222
What is 1101000011000100 (base 2) in base 4?
31003010
Convert -50565 (base 9) to base 8.
-100765
Convert -1355 (base 6) to base 8.
-547
What is 56a5 (base 11) in base 8?
16510
Convert -12316 (base 7) to base 3.
-11110021
10123 (base 9) to base 3
100010210
122440 (base 5) to base 11
3624
Convert -15100 (base 6) to base 9.
-3270
420 (base 5) to base 2
1101110
Convert 25035 (base 6) to base 15.
1165
111210202 (base 3) to base 9
14722
What is 338 (base 16) in base 7?
2255
59 (base 10) to base 2
111011
Convert -17c7 (base 15) to base 5.
-131022
What is -2c62 (base 15) in base 3?
-111002102
What is 134403 (base 5) in base 9?
7615
Convert 224 (base 7) to base 9.
138
2330 (base 8) to base 10
1240
-100100011011 (base 2) to base 4
-210123
-4053 (base 7) to base 16
-582
221 (base 15) to base 9
584
25 (base 6) to base 5
32
a00 (base 12) to base 3
1222100
4023 (base 10) to base 8
7667
Convert 1011111110 (base 2) to base 12.
53a
1064 (base 9) to base 15
377
Convert -43455 (base 6) to base 13.
-2975
11110110011101 (base 2) to base 10
15773
Convert -222212 (base 3) to base 13.
-43a
Convert -71a4 (base 11) to base 14.
-36a4
Convert -111111011010 (base 2) to base 12.
-2422
Convert 2210312 (base 4) to base 12.
6132
What is 6a (base 15) in base 7?
202
1245 (base 6) to base 7
632
-505 (base 15) to base 11
-938
Convert 318 (base 13) to base 6.
2240
cbd (base 16) to base 7
12336
-594 (base 13) to base 12
-686
What is 1011111 (base 3) in base 8?
1522
What is -13452 (base 6) in base 14?
-ab6
Convert -12500 (base 6) to base 12.
-1130
-110023 (base 5) to base 16
-eb3
1225 (base 10) to base 3
1200101
-186 (base 14) to base 3
-102122
Convert 20344 (base 6) to base 3.
10202001
What is -1722 (base 16) in base 3?
-22010100
What is -844 (base 9) in base 5?
-10223
What is 3ee (base 15) in base 6?
4055
10306 (base 7) to base 5
40204
Convert a348 (base 13) to base 6.
252201
-11001000100101 (base 2) to base 13
-5ac6
5c2 (base 14) to base 6
5154
c1ad (base 16) to base 5
3041311
What is 3424 (base 8) in base 15?
80c
What is -142321 (base 5) in base 10?
-5961
100000000001 (base 2) to base 6
13253
284a (base 11) to base 6
25020
What is -4198 (base 10) in base 14?
-175c
What is 6a34 (base 11) in base 8?
22021
Convert 484 (base 15) to base 2.
10000000000
What is -1325 (base 7) in base 13?
-302
What is 104330 (base 5) in base 2?
111010000011
Convert 3460 (base 8) to base 2.
11100110000
What is -1348 (base 13) in base 5?
-42024
177 (base 14) to base 11
254
16c60 (base 13) to base 6
535001
-152a (base 11) to base 10
-1968
Convert -15767 (base 8) to base 10.
-7159
1535 (base 12) to base 7
10154
-1110110 (base 2) to base 14
-86
25660 (base 7) to base 3
100101211
-410 (base 9) to base 14
-19b
-778 (base 10) to base 15
-36d
-12202 (base 5) to base 7
-2463
What is 3081 (base 14) in base 16?
2099
-403 (base 14) to base 3
-1002011
-22a (base 12) to base 2
-101000010
-481 (base 15) to base 16
-3fd
1001001 (base 3) to base 10
757
Convert -111110 (base 3) to base 16.
-16b
-26536 (base 7) to base 13
-3328
-100010101 (base 2) to base 5
-2102
Convert 15406 (base 7) to base 14.
1806
What is 101121 (base 3) in base 6?
1154
Convert 101111010000 (base 2) to base 6.
22000
1001001111110110 (base 2) to base 13
14319
400 (base 7) to base 14
100
-22120130 (base 4) to base 3
-2011022222
Convert 5602 (base 11) to base 12.
4333
Convert -894a (base 11) to base 8.
-27017
What is -23481 (base 11) in base 13?
-12539
What is 113 (base 7) in base 3?
2012
Convert 122222102 (base 3) to base 12.
7702
What is 43 (base 8) in base 13?
29
12111201 (base 3) to base 12
23a7
Convert -278 (base 10) to base 11.
-233
-331 (base 12) to base 14
-257
5279 (base 13) to base 12
673b
What is -10274 (base 13) in base 3?
-1110202212
What is -301 (base 7) in base 6?
-404
-87 (base 10) to base 12
-73
What is 1030442 (base 5) in base 4?
10103112
What is -17700 (base 9) in base 3?
-121210000
What is -2003 (base 7) in base 2?
-1010110001
-aa1 (base 12) to base 13
-931
What is 3ec (base 16) in base 14?
51a
Convert -1372 (base 14) to base 6.
-23520
-673 (base 8) to base 7
-1202
-333322 (base 4) to base 8
-7772
Convert -100016 (base 7) to base 5.
-1014240
What is 1032 (base 10) in base 11?
859
8248 (base 11) to base 9
16007
Convert 31128 (base 10) to base 12.
16020
-3032120 (base 4) to base 11
-9a18
What is -3331 (base 7) in base 3?
-1122101
-3aa (base 11) to base 13
-2b2
Convert -10010 (base 8) to base 14.
-16d2
Convert 10 (base 2) to base 7.
2
Convert -337 (base 12) to base 8.
-733
What is 43ce (base 16) in base 6?
212210
1d7 (base 16) to base 7
1242
Convert -332133 (base 4) to base 11.
-3006
Convert 18b1 (base 13) to base 9.
5053
-18386 (base 11) to base 15
-7966
What is -1000 (base 4) in base 14?
-48
205 (base 10) to base 13
12a
What is -537 (base 9) in base 16?
-1b7
What is -1782 (base 11) in base 10?
-2268
-1511 (base 7) to base 14
-308
What is -4814 (base 16) in base 3?
-221022102
What is -33010 (base 7) in base 6?
-102051
101111000110 (base 2) to base 6
21542
What is -4957 (base 14) in base 4?
-3020101
What is -122213 (base 5) in base 6?
-33403
Convert -f6e (base 16) to base 15.
-1285
Convert -4005 (base 6) to base 15.
-3ce
What is -11414 (base 6) in base 7?
-4600
What is -14c8 (base 16) in base 4?
-1103020
Convert bc4 (base 14) to base 4.
210120
-204322 (base 6) to base 2
-100000010011010
What is 214442 (base 5) in base 9?
11